 134 = 2*b. What are the prime factors of d?
3, 73
Let v = -26 - 3. Suppose 4*t + 138 = -3*z, 0 = -2*z - 7*t + 3*t - 96. Let n = v - z. List the prime factors of n.
13
Suppose 480 = 3*b - 4*p + p, 4*b - 664 = -4*p. List the prime factors of b.
163
Let h be (-201)/(-6) + 1/2. Suppose 0 = 4*u - 30 - h. What are the prime factors of u?
2
Let b = 200 + -121. List the prime factors of b.
79
List the prime factors of -17*(-4 - (-12)/4).
17
Suppose 4*o = 153 + 155. What are the prime factors of o?
7, 11
Let r be (-38)/(-4) - (-6)/(-12). Let g = -2 - r. Let v = g - -17. List the prime factors of v.
2, 3
Suppose 0*n - 10 = -5*n. Suppose -n*c = -0*c - 12. Suppose -b - 35 = -c*b. What are the prime factors of b?
7
Let v = -26 - -49. List the prime factors of v.
23
Let y(g) = 4*g**2 - 2*g - 2. List the prime factors of y(2).
2, 5
Let y = 9 + -7. Suppose 2 = -y*u + 10. What are the prime factors of u?
2
Let w be (-66)/(-8) + 3/4. What are the prime factors of (33/w)/((-1)/(-9))?
3, 11
Let i(b) = 3*b - 6 - 3*b + 3*b. List the prime factors of i(7).
3, 5
Let a(y) = -y. Let b(o) = -7*o - 1. Let d(l) = -6*a(l) + b(l). Let f(x) = x**3 - 7*x**2 + 4*x + 6. Let g be f(6). What are the prime factors of d(g)?
5
Let x = 18 - -59. List the prime factors of x.
7, 11
What are the prime factors of -4 - 30*-3 - -2?
2, 11
Suppose 0*v = 5*i + 5*v, 0 = 2*i + 4*v. Suppose -4*r + 3*r + 14 = i. List the prime factors of r.
2, 7
Let i = -69 - -117. What are the prime factors of i?
2, 3
Let p = -1 + 4. Let b(k) = 0*k**2 - 6 - 2*k**2 + 4*k + p*k**2. What are the prime factors of b(-6)?
2, 3
Suppose 9*i - 88 = 8*i. List the prime factors of i.
2, 11
Let k = -4 + 6. List the prime factors of (6/(-5))/(k/(-5)).
3
Let o(y) = -y**3 + 4*y - 3. Let a be o(2). Let u = 7 + a. List the prime factors of u.
2
Let d = 29 - 11. List the prime factors of d.
2, 3
Suppose 0 = 6*h - 0*h - 354. List the prime factors of h.
59
Let n = -42 + 49. Let p = -6 - -4. Let u = p + n. What are the prime factors of u?
5
Let u(f) = -f + 8. Let b be u(6). Suppose -b*w - 2 + 62 = 0. What are the prime factors of w?
2, 3, 5
Suppose 0*l = -4*l + 3*a + 34, -4*l + a + 38 = 0. Suppose -4*u - u + l = 0. What are the prime factors of u?
2
Let s(j) = 0*j - 4*j + 8*j - j**2 + 2. Let p be s(4). Suppose -p*l = 3*l - 40. List the prime factors of l.
2
Let n(u) = -u**2 - 5*u + 9. Let i(z) = -z**2 + z + 1. Let c = -2 - -1. Let f(t) = c*n(t) + 2*i(t). What are the prime factors of f(5)?
3
Suppose 0 = -2*x + 13 + 35. List the prime factors of x.
2, 3
Suppose 16 = 2*c - 18. Let d = c + -3. Let g = 36 - d. List the prime factors of g.
2, 11
Suppose 0 = -4*s - 47 + 171. Suppose -4*r = -s - 25. What are the prime factors of r?
2, 7
Let r = 1 + 43. Suppose -17 = 3*m - r. What are the prime factors of m?
3
Suppose 2*t + 3*z + 2*z + 11 = 0, -16 = -5*t + 2*z. Suppose -t = v - 0*v. What are the prime factors of 1 + (-5 + v)*-2?
3, 5
Let a be 298/(-10) + (-2)/10. What are the prime factors of (24/a)/(4/(-70))?
2, 7
Let a = 4 + -1. Suppose a*s = -s. Suppose -v - 1 = s, m + v + 25 = 5*m. What are the prime factors of m?
2, 3
Let v be -1 + -2 + (-112)/(-8). Suppose 0 = -3*f - v + 80. List the prime factors of f.
23
Let c(i) = i**2 + 8*i + 9. Let w be c(-7). Suppose 0 = s - w*l - 28, -4*s - 3*l + 37 = -86. What are the prime factors of s?
2, 3, 5
Let z be (-1)/(-1)*-2 - -15. Suppose 2*n - z - 11 = 0. Let c(m) = -m**2 + 12*m + 7. What are the prime factors of c(n)?
7
Let p be (-24 + 0)/(10/15). Let x = -24 - p. What are the prime factors of x?
2, 3
Suppose 2*i + i = 33. Let t(z) = -2*z + 6. Let m be t(6). Let j = i + m. What are the prime factors of j?
5
Suppose 2*l = 4*v + 198, 5*v - 9 = 6. List the prime factors of ((-2)/(-6))/(5/l).
7
Let l = -44 - -70. Let r = 36 - l. What are the prime factors of r?
2, 5
Let b(y) = y**3 + 9*y**2 + 10*y - 2. What are the prime factors of b(-7)?
2, 13
Let u(g) = 9*g**2 + 2*g - 2. Let c be u(-3). Suppose -4*t = -z - c, 0*z = 4*z - 12. What are the prime factors of t?
19
Let n(f) = f**3 - 13*f**2 - 20*f - 20. What are the prime factors of n(15)?
2, 5, 13
Let o be -2 + 2 + -1*2. Let w = 0 - o. Suppose 3*v - 4*b = -6, 0*b = w*v - 3*b + 5. List the prime factors of v.
2
Let b(q) = q**3 - 5*q**2 - 7*q + 8. Let k be b(6). Suppose 7*y = k*y + 40. Suppose r - 4*s = 2, 2*r - 5*s + 1 - y = 0. List the prime factors of r.
2, 3
Suppose -4*t + 5*l = -11, 4*l = -2*t + 2*l + 10. Let c(x) = -x**2 + 4*x + 2. Let h be c(t). What are the prime factors of (1/h)/((-1)/(-6))?
3
Let w = 74 - 48. Suppose 0 = -4*y + w + 18. List the prime factors of y.
11
Suppose -d = -0*d. Suppose 0 = -2*p - d*b + 4*b + 142, -4*p + 304 = 2*b. Suppose -p = -5*l - 20. List the prime factors of l.
11
Let r = 17 - 10. Let z = r - -6. What are the prime factors of z?
13
Suppose 0 = -2*f + 15 + 147. Suppose k - 17 = -y, -5*y - 3*k + f = -0*k. List the prime factors of y.
3, 5
Suppose a + 4*h - 12 = 3, -4*h = 3*a - 5. Let t(d) = -6*d - 5. List the prime factors of t(a).
5
List the prime factors of 1 - (-17)/(-15) - 25438/(-210).
11
Suppose 2*k + 265 = 3*p, 3*p - 5*k - 227 = 44. List the prime factors of p.
3, 29
Suppose -9*m - 476 = -16*m. What are the prime factors of m?
2, 17
Suppose -4*y = -i - 0*y - 32, 8 = 2*y. Let t(a) = -3*a - 2. Let h be t(2). Let n = h - i. What are the prime factors of n?
2
Let d(a) = 2*a**2 + 10*a + 7. Let l be d(-11). Let t = l + -54. What are the prime factors of t/10 + (-1)/(-2)?
3
Suppose 11 - 3 = 2*y, -5*y + 224 = 4*d. List the prime factors of d.
3, 17
Let v(f) = -2*f - 3. Let x be v(-3). Suppose 0 = x*c - 6. Suppose -3*p - 2*g + 83 = 3*g, -2*g - 34 = -c*p. What are the prime factors of p?
3, 7
Suppose -147 - 485 = -8*c. What are the prime factors of c?
79
Let i(o) = -o - 4. Let h be i(-8). Suppose 3*q - 12 = 0, -a - 2*q + h + 13 = 0. List the prime factors of a.
3
Suppose -5*w = v - 25, 0*w + 3*w - 2 = 2*v. Suppose -w*j = -j - 12. List the prime factors of j.
2
Suppose -4*v + 7*v = 177. List the prime factors of v.
59
Suppose 0 = -c - 5*i + 25, 0*c + c = i - 5. Suppose c = 2*v + 3*v - 10. Suppose 0*r + a + 11 = r, -v*a = r - 11. List the prime factors of r.
11
List the prime factors of (-4589)/26*-2*1.
353
Let g be -3*(-2)/10*5. Let z(k) = -13*k + g*k**2 - 1 + 5*k + 6 - k**2. List the prime factors of z(5).
3, 5
Let q = 28 - 20. Let k = q - 3. What are the prime factors of k?
5
Suppose 5*a - 8 = -h, 5*h - 3 + 11 = -a. Let y = h + 11. What are the prime factors of y?
3
Let p(z) = 5*z - 6*z**2 + z**2 + 4*z**2. Let x be p(5). Suppose -4*r + q + x*q + 40 = 0, -4*r - 5*q = -40. List the prime factors of r.
2, 5
Let f = -3 + -27. Let b = f - -61. Let i = -21 + b. List the prime factors of i.
2, 5
Suppose -4*m + 8 + 6 = 3*r, 3*m = -4*r + 28. What are the prime factors of r?
2, 5
Let o(n) = -n**3 - 4*n**2 + 4*n - 1. Let x = -12 - -7. List the prime factors of o(x).
2
Let x(z) = -z**3 + 9*z**2 + 5. List the prime factors of x(7).
103
Suppose 2*h + 113 = 5*u, -4*h = -2*u - 2*u + 100. Suppose i - u + 0 = 0. List the prime factors of i.
3, 7
Suppose -192 = 23*n - 27*n. What are the prime factors of n?
2, 3
Suppose -182 = -3*m - 8. Let a be 246/(-9)*(-15)/(-10). Let t = m + a. What are the prime factors of t?
17
Let v(j) = 6*j**2. List the prime factors of v(1).
2, 3
Let d(b) = -b**2 - 6*b + 5. Let c be d(-6). Suppose -2*m + 0*m + 11 = -c*f, 3*m = 5*f + 14. Suppose -2*i = m*i - 35. What are the prime factors of i?
7
Suppose q = 2*z - 6, 0 = 3*z - 3*q + 5*q - 16. Suppose z*t + 3 = 3*t. List the prime factors of 2/t*36/(-8).
3
Let f = 62 - 36. List the prime factors of f.
2, 13
Suppose 5*s + 2 = n - 23, 0 = -2*n + 5*s + 60. List the prime factors of n.
5, 7
Let i(p) = p**3 + 7*p**2 + 2*p - 2. What are the prime factors of i(-6)?
2, 11
Let k = -3 + -13. Let c = -10 - k. What are the prime factors of c?
2, 3
Let w = -177 - -275. Suppose 5*m + 3*z - 94 = 6*z, z = 5*m - w. List the prime factors of m.
2, 5
Suppose -3*h = -7*h + 40. List the prime factors of h.
2, 5
Let v(d) = 6*d**2 + d + 3. Let t be v(3). Suppose -2*z + 2*h + t = 2*z, 2*h - 36 = -2*z. List the prime factors of z.
2
Suppose w - 4*t - 212 = -0*w, -4*w = 4*t - 748. What are the prime factors of w?
2, 3
Let a(n) = n**2 + 2*n - 3. List the prime factors of a(4).
3, 7
Let 